[INFO] fetching crate aws-lc-fips-sys 0.8.0...
[INFO] checking aws-lc-fips-sys-0.8.0 against master#e6e4f7ed1589e03bc2f6c5931c1a72e7947e8682 for beta-170-4
[INFO] extracting crate aws-lc-fips-sys 0.8.0 into /workspace/builds/worker-5-tc2/source
[INFO] validating manifest of crates.io crate aws-lc-fips-sys 0.8.0 on toolchain e6e4f7ed1589e03bc2f6c5931c1a72e7947e8682
[INFO] running `Command { std: CARGO_HOME="/workspace/cargo-home" RUSTUP_HOME="/workspace/rustup-home" "/workspace/cargo-home/bin/cargo" "+e6e4f7ed1589e03bc2f6c5931c1a72e7947e8682" "metadata" "--manifest-path" "Cargo.toml" "--no-deps", kill_on_drop: false }`
[INFO] started tweaking crates.io crate aws-lc-fips-sys 0.8.0
[INFO] finished tweaking crates.io crate aws-lc-fips-sys 0.8.0
[INFO] tweaked toml for crates.io crate aws-lc-fips-sys 0.8.0 written to /workspace/builds/worker-5-tc2/source/Cargo.toml
[INFO] running `Command { std: CARGO_HOME="/workspace/cargo-home" RUSTUP_HOME="/workspace/rustup-home" __CARGO_TEST_CHANNEL_OVERRIDE_DO_NOT_USE_THIS="nightly" "/workspace/cargo-home/bin/cargo" "+e6e4f7ed1589e03bc2f6c5931c1a72e7947e8682" "generate-lockfile" "--manifest-path" "Cargo.toml" "-Zno-index-update", kill_on_drop: false }`
[INFO] running `Command { std: CARGO_HOME="/workspace/cargo-home" RUSTUP_HOME="/workspace/rustup-home" "/workspace/cargo-home/bin/cargo" "+e6e4f7ed1589e03bc2f6c5931c1a72e7947e8682" "fetch" "--manifest-path" "Cargo.toml", kill_on_drop: false }`
[INFO] running `Command { std: "docker" "create" "-v" "/var/lib/crater-agent-workspace/builds/worker-5-tc2/target:/opt/rustwide/target:rw,Z" "-v" "/var/lib/crater-agent-workspace/builds/worker-5-tc2/source:/opt/rustwide/workdir:ro,Z" "-v" "/var/lib/crater-agent-workspace/cargo-home:/opt/rustwide/cargo-home:ro,Z" "-v" "/var/lib/crater-agent-workspace/rustup-home:/opt/rustwide/rustup-home:ro,Z" "-e" "SOURCE_DIR=/opt/rustwide/workdir" "-e" "CARGO_TARGET_DIR=/opt/rustwide/target" "-e" "CARGO_HOME=/opt/rustwide/cargo-home" "-e" "RUSTUP_HOME=/opt/rustwide/rustup-home" "-w" "/opt/rustwide/workdir" "-m" "1610612736" "--user" "0:0" "--network" "none" "ghcr.io/rust-lang/crates-build-env/linux@sha256:19e73879b68f455e41552ea35293514db52ea292d993f571636dbffedb77a1ee" "/opt/rustwide/cargo-home/bin/cargo" "+e6e4f7ed1589e03bc2f6c5931c1a72e7947e8682" "metadata" "--no-deps" "--format-version=1", kill_on_drop: false }`
[INFO] [stdout] cbab975ad7af45eaac4e2d73f59e0d81d159d154b4dcce79953d286272fe8ad3
[INFO] running `Command { std: "docker" "start" "-a" "cbab975ad7af45eaac4e2d73f59e0d81d159d154b4dcce79953d286272fe8ad3", kill_on_drop: false }`
[INFO] running `Command { std: "docker" "inspect" "cbab975ad7af45eaac4e2d73f59e0d81d159d154b4dcce79953d286272fe8ad3", kill_on_drop: false }`
[INFO] running `Command { std: "docker" "rm" "-f" "cbab975ad7af45eaac4e2d73f59e0d81d159d154b4dcce79953d286272fe8ad3", kill_on_drop: false }`
[INFO] [stdout] cbab975ad7af45eaac4e2d73f59e0d81d159d154b4dcce79953d286272fe8ad3
[INFO] running `Command { std: "docker" "create" "-v" "/var/lib/crater-agent-workspace/builds/worker-5-tc2/target:/opt/rustwide/target:rw,Z" "-v" "/var/lib/crater-agent-workspace/builds/worker-5-tc2/source:/opt/rustwide/workdir:ro,Z" "-v" "/var/lib/crater-agent-workspace/cargo-home:/opt/rustwide/cargo-home:ro,Z" "-v" "/var/lib/crater-agent-workspace/rustup-home:/opt/rustwide/rustup-home:ro,Z" "-e" "SOURCE_DIR=/opt/rustwide/workdir" "-e" "CARGO_TARGET_DIR=/opt/rustwide/target" "-e" "CARGO_INCREMENTAL=0" "-e" "RUST_BACKTRACE=full" "-e" "RUSTFLAGS=--cap-lints=forbid" "-e" "RUSTDOCFLAGS=--cap-lints=forbid" "-e" "CARGO_HOME=/opt/rustwide/cargo-home" "-e" "RUSTUP_HOME=/opt/rustwide/rustup-home" "-w" "/opt/rustwide/workdir" "-m" "1610612736" "--user" "0:0" "--network" "none" "ghcr.io/rust-lang/crates-build-env/linux@sha256:19e73879b68f455e41552ea35293514db52ea292d993f571636dbffedb77a1ee" "/opt/rustwide/cargo-home/bin/cargo" "+e6e4f7ed1589e03bc2f6c5931c1a72e7947e8682" "check" "--frozen" "--all" "--all-targets" "--message-format=json", kill_on_drop: false }`
[INFO] [stdout] 3972f7aea51f142ccc9d4c8401984ea8afb755a269166806a4278df797e90c00
[INFO] running `Command { std: "docker" "start" "-a" "3972f7aea51f142ccc9d4c8401984ea8afb755a269166806a4278df797e90c00", kill_on_drop: false }`
[INFO] [stderr]    Compiling cc v1.0.79
[INFO] [stderr]    Compiling paste v1.0.12
[INFO] [stderr]    Compiling libc v0.2.144
[INFO] [stderr]    Compiling dunce v1.0.4
[INFO] [stderr]    Compiling cmake v0.1.50
[INFO] [stderr]    Compiling aws-lc-fips-sys v0.8.0 (/opt/rustwide/workdir)
[INFO] [stderr] error: failed to run custom build command for `aws-lc-fips-sys v0.8.0 (/opt/rustwide/workdir)`
[INFO] [stderr] note: To improve backtraces for build dependencies, set the CARGO_PROFILE_DEV_BUILD_OVERRIDE_DEBUG=true environment variable to enable debug information generation.
[INFO] [stderr] 
[INFO] [stderr] Caused by:
[INFO] [stderr]   process didn't exit successfully: `/opt/rustwide/target/debug/build/aws-lc-fips-sys-58c07c843fa9205a/build-script-main` (exit status: 101)
[INFO] [stderr]   --- stdout
[INFO] [stderr]   cargo:rustc-cfg=linux_x86_64
[INFO] [stderr]   CMAKE_TOOLCHAIN_FILE_x86_64-unknown-linux-gnu = None
[INFO] [stderr]   CMAKE_TOOLCHAIN_FILE_x86_64_unknown_linux_gnu = None
[INFO] [stderr]   HOST_CMAKE_TOOLCHAIN_FILE = None
[INFO] [stderr]   CMAKE_TOOLCHAIN_FILE = None
[INFO] [stderr]   CMAKE_GENERATOR_x86_64-unknown-linux-gnu = None
[INFO] [stderr]   CMAKE_GENERATOR_x86_64_unknown_linux_gnu = None
[INFO] [stderr]   HOST_CMAKE_GENERATOR = None
[INFO] [stderr]   CMAKE_GENERATOR = None
[INFO] [stderr]   CMAKE_PREFIX_PATH_x86_64-unknown-linux-gnu = None
[INFO] [stderr]   CMAKE_PREFIX_PATH_x86_64_unknown_linux_gnu = None
[INFO] [stderr]   HOST_CMAKE_PREFIX_PATH = None
[INFO] [stderr]   CMAKE_PREFIX_PATH = None
[INFO] [stderr]   CMAKE_x86_64-unknown-linux-gnu = None
[INFO] [stderr]   CMAKE_x86_64_unknown_linux_gnu = None
[INFO] [stderr]   HOST_CMAKE = None
[INFO] [stderr]   CMAKE = Some("cmake")
[INFO] [stderr]   running: cd "/opt/rustwide/target/debug/build/aws-lc-fips-sys-c52d4f2b94e14739/out/build" && CMAKE_PREFIX_PATH="" "cmake" "/opt/rustwide/workdir" "-DBORINGSSL_PREFIX=aws_lc_fips_0_8_0" "-DBORINGSSL_PREFIX_HEADERS=/opt/rustwide/workdir/generated-include" "-DBUILD_TESTING=OFF" "-DBUILD_LIBSSL=OFF" "-DFIPS=1" "-DCMAKE_INSTALL_PREFIX=/opt/rustwide/target/debug/build/aws-lc-fips-sys-c52d4f2b94e14739/out" "-DCMAKE_C_FLAGS= -ffunction-sections -fdata-sections -fPIC -m64" "-DCMAKE_C_COMPILER=/usr/bin/cc" "-DCMAKE_CXX_FLAGS= -ffunction-sections -fdata-sections -fPIC -m64" "-DCMAKE_CXX_COMPILER=/usr/bin/c++" "-DCMAKE_ASM_FLAGS= -ffunction-sections -fdata-sections -fPIC -m64" "-DCMAKE_ASM_COMPILER=/usr/bin/cc" "-DCMAKE_BUILD_TYPE=Debug" "--no-warn-unused-cli"
[INFO] [stderr]   Not searching for unused variables given on the command line.
[INFO] [stderr]   -- The C compiler identification is GNU 11.3.0
[INFO] [stderr]   -- Detecting C compiler ABI info
[INFO] [stderr]   -- Detecting C compiler ABI info - done
[INFO] [stderr]   -- Check for working C compiler: /usr/bin/cc - skipped
[INFO] [stderr]   -- Detecting C compile features
[INFO] [stderr]   -- Detecting C compile features - done
[INFO] [stderr]   -- Found Perl: /usr/bin/perl (found version "5.34.0") 
[INFO] [stderr]   -- Checking for module 'libunwind-generic'
[INFO] [stderr]   --   Found libunwind-generic, version 1.3.2
[INFO] [stderr]   -- stdalign_check.c probe is positive, enabling AWS_LC_STDALIGN_AVAILABLE
[INFO] [stderr]   -- builtin_swap_check.c probe is positive, enabling AWS_LC_BUILTIN_SWAP_SUPPORTED
[INFO] [stderr]   -- linux_u32.c probe is positive, enabling AWS_LC_URANDOM_U32
[INFO] [stderr]   -- The ASM compiler identification is GNU
[INFO] [stderr]   -- Found assembler: /usr/bin/cc
[INFO] [stderr]   -- Looking for pthread.h
[INFO] [stderr]   -- Looking for pthread.h - found
[INFO] [stderr]   -- Performing Test CMAKE_HAVE_LIBC_PTHREAD
[INFO] [stderr]   -- Performing Test CMAKE_HAVE_LIBC_PTHREAD - Success
[INFO] [stderr]   -- Found Threads: TRUE  
[INFO] [stderr]   -- Configuring done
[INFO] [stderr]   -- Generating done
[INFO] [stderr]   -- Build files have been written to: /opt/rustwide/target/debug/build/aws-lc-fips-sys-c52d4f2b94e14739/out/build
[INFO] [stderr]   running: cd "/opt/rustwide/target/debug/build/aws-lc-fips-sys-c52d4f2b94e14739/out/build" && MAKEFLAGS="-j --jobserver-fds=7,8 --jobserver-auth=7,8" "cmake" "--build" "." "--target" "install" "--config" "Debug"
[INFO] [stderr]   [  0%] Built target global_target
[INFO] [stderr]   [  0%] Building C object aws-lc/third_party/jitterentropy/CMakeFiles/jitterentropy.dir/jitterentropy-base.c.o
[INFO] [stderr]   [  1%] Building C object aws-lc/third_party/jitterentropy/CMakeFiles/jitterentropy.dir/jitterentropy-gcd.c.o
[INFO] [stderr]   [  1%] Building C object aws-lc/third_party/jitterentropy/CMakeFiles/jitterentropy.dir/jitterentropy-health.c.o
[INFO] [stderr]   [  1%] Building C object aws-lc/third_party/jitterentropy/CMakeFiles/jitterentropy.dir/jitterentropy-noise.c.o
[INFO] [stderr]   [  2%] Building C object aws-lc/third_party/jitterentropy/CMakeFiles/jitterentropy.dir/jitterentropy-sha3.c.o
[INFO] [stderr]   [  2%] Building C object aws-lc/third_party/jitterentropy/CMakeFiles/jitterentropy.dir/jitterentropy-timer.c.o
[INFO] [stderr]   [  3%] Generating test/trampoline-x86_64.S
[INFO] [stderr]   [  3%] Generating chacha/chacha-x86_64.S
[INFO] [stderr]   [  3%] Generating cipher_extra/aes128gcmsiv-x86_64.S
[INFO] [stderr]   [  3%] Generating cipher_extra/aesni-sha1-x86_64.S
[INFO] [stderr]   [  3%] Generating cipher_extra/chacha20_poly1305_x86_64.S
[INFO] [stderr]   [  3%] Generating err_data.c
[INFO] [stderr]   [  3%] Building C object aws-lc/crypto/fipsmodule/CMakeFiles/bcm_c_generated_asm.dir/bcm.c.o
[INFO] [stderr]   [  4%] Generating cipher_extra/aesni-sha256-x86_64.S
[INFO] [stderr]   [  5%] Building C object aws-lc/crypto/fipsmodule/CMakeFiles/fipsmodule.dir/fips_shared_support.c.o
[INFO] [stderr]   [  5%] Building C object aws-lc/crypto/fipsmodule/CMakeFiles/fipsmodule.dir/cpucap/cpucap.c.o
[INFO] [stderr]   [  5%] Built target fipsmodule
[INFO] [stderr]   [  5%] Built target jitterentropy
[INFO] [stderr]   Scanning dependencies of target crypto_objects
[INFO] [stderr]   [  7%] Building C object aws-lc/crypto/CMakeFiles/crypto_objects.dir/asn1/a_dup.c.o
[INFO] [stderr]   [  7%] Building C object aws-lc/crypto/CMakeFiles/crypto_objects.dir/asn1/a_bool.c.o
[INFO] [stderr]   [  7%] Building C object aws-lc/crypto/CMakeFiles/crypto_objects.dir/asn1/a_d2i_fp.c.o
[INFO] [stderr]   [  7%] Building C object aws-lc/crypto/CMakeFiles/crypto_objects.dir/asn1/a_gentm.c.o
[INFO] [stderr]   [  7%] Building C object aws-lc/crypto/CMakeFiles/crypto_objects.dir/asn1/a_i2d_fp.c.o
[INFO] [stderr]   [  7%] Building C object aws-lc/crypto/CMakeFiles/crypto_objects.dir/asn1/a_bitstr.c.o
[INFO] [stderr]   [  8%] Building C object aws-lc/crypto/CMakeFiles/crypto_objects.dir/asn1/a_mbstr.c.o
[INFO] [stderr]   [  8%] Building C object aws-lc/crypto/CMakeFiles/crypto_objects.dir/asn1/a_int.c.o
[INFO] [stderr]   [  8%] Building C object aws-lc/crypto/CMakeFiles/crypto_objects.dir/asn1/a_octet.c.o
[INFO] [stderr]   [  9%] Building C object aws-lc/crypto/CMakeFiles/crypto_objects.dir/asn1/a_object.c.o
[INFO] [stderr]   [  9%] Building C object aws-lc/crypto/CMakeFiles/crypto_objects.dir/asn1/a_strnid.c.o
[INFO] [stderr]   [  9%] Building C object aws-lc/crypto/CMakeFiles/crypto_objects.dir/asn1/a_strex.c.o
[INFO] [stderr]   [  9%] Building C object aws-lc/crypto/CMakeFiles/crypto_objects.dir/asn1/a_time.c.o
[INFO] [stderr]   [ 10%] Building C object aws-lc/crypto/CMakeFiles/crypto_objects.dir/asn1/a_type.c.o
[INFO] [stderr]   [ 10%] Building C object aws-lc/crypto/CMakeFiles/crypto_objects.dir/asn1/a_utctm.c.o
[INFO] [stderr]   [ 10%] Building C object aws-lc/crypto/CMakeFiles/crypto_objects.dir/asn1/a_utf8.c.o
[INFO] [stderr]   [ 10%] Building C object aws-lc/crypto/CMakeFiles/crypto_objects.dir/asn1/asn1_par.c.o
[INFO] [stderr]   [ 11%] Building C object aws-lc/crypto/CMakeFiles/crypto_objects.dir/asn1/asn_pack.c.o
[INFO] [stderr]   [ 11%] Building C object aws-lc/crypto/CMakeFiles/crypto_objects.dir/asn1/asn1_lib.c.o
[INFO] [stderr]   [ 12%] Building C object aws-lc/crypto/CMakeFiles/crypto_objects.dir/asn1/f_int.c.o
[INFO] [stderr]   [ 12%] Building C object aws-lc/crypto/CMakeFiles/crypto_objects.dir/asn1/tasn_fre.c.o
[INFO] [stderr]   [ 12%] Building C object aws-lc/crypto/CMakeFiles/crypto_objects.dir/asn1/f_string.c.o
[INFO] [stderr]   [ 12%] Building C object aws-lc/crypto/CMakeFiles/crypto_objects.dir/asn1/tasn_dec.c.o
[INFO] [stderr]   [ 13%] Building C object aws-lc/crypto/CMakeFiles/crypto_objects.dir/asn1/tasn_enc.c.o
[INFO] [stderr]   [ 13%] Building C object aws-lc/crypto/CMakeFiles/crypto_objects.dir/asn1/tasn_new.c.o
[INFO] [stderr]   [ 14%] Building C object aws-lc/crypto/CMakeFiles/crypto_objects.dir/asn1/tasn_typ.c.o
[INFO] [stderr]   [ 14%] Building C object aws-lc/crypto/CMakeFiles/crypto_objects.dir/asn1/tasn_utl.c.o
[INFO] [stderr]   [ 15%] Building C object aws-lc/crypto/CMakeFiles/crypto_objects.dir/asn1/posix_time.c.o
[INFO] [stderr]   [ 15%] Building C object aws-lc/crypto/CMakeFiles/crypto_objects.dir/base64/base64.c.o
[INFO] [stderr]   [ 15%] Building C object aws-lc/crypto/CMakeFiles/crypto_objects.dir/bio/bio.c.o
[INFO] [stderr]   [ 15%] Building C object aws-lc/crypto/CMakeFiles/crypto_objects.dir/bio/bio_mem.c.o
[INFO] [stderr]   [ 16%] Building C object aws-lc/crypto/CMakeFiles/crypto_objects.dir/bio/connect.c.o
[INFO] [stderr]   [ 16%] Building C object aws-lc/crypto/CMakeFiles/crypto_objects.dir/bio/fd.c.o
[INFO] [stderr]   [ 17%] Building C object aws-lc/crypto/CMakeFiles/crypto_objects.dir/bio/file.c.o
[INFO] [stderr]   [ 17%] Building C object aws-lc/crypto/CMakeFiles/crypto_objects.dir/bio/hexdump.c.o
[INFO] [stderr]   [ 17%] Building C object aws-lc/crypto/CMakeFiles/crypto_objects.dir/bio/pair.c.o
[INFO] [stderr]   [ 17%] Building C object aws-lc/crypto/CMakeFiles/crypto_objects.dir/bio/printf.c.o
[INFO] [stderr]   [ 18%] Building C object aws-lc/crypto/CMakeFiles/crypto_objects.dir/bio/socket.c.o
[INFO] [stderr]   [ 18%] Building C object aws-lc/crypto/CMakeFiles/crypto_objects.dir/bio/socket_helper.c.o
[INFO] [stderr]   [ 19%] Building C object aws-lc/crypto/CMakeFiles/crypto_objects.dir/blake2/blake2.c.o
[INFO] [stderr]   [ 19%] Building C object aws-lc/crypto/CMakeFiles/crypto_objects.dir/bn_extra/bn_asn1.c.o
[INFO] [stderr]   [ 19%] Building C object aws-lc/crypto/CMakeFiles/crypto_objects.dir/bn_extra/convert.c.o
[INFO] [stderr]   [ 20%] Building C object aws-lc/crypto/CMakeFiles/crypto_objects.dir/bytestring/asn1_compat.c.o
[INFO] [stderr]   [ 20%] Building C object aws-lc/crypto/CMakeFiles/crypto_objects.dir/bytestring/ber.c.o
[INFO] [stderr]   [ 20%] Building C object aws-lc/crypto/CMakeFiles/crypto_objects.dir/buf/buf.c.o
[INFO] [stderr]   [ 20%] Building C object aws-lc/crypto/CMakeFiles/crypto_objects.dir/bytestring/cbb.c.o
[INFO] [stderr]   [ 21%] Building C object aws-lc/crypto/CMakeFiles/crypto_objects.dir/bytestring/cbs.c.o
[INFO] [stderr]   [ 21%] Building C object aws-lc/crypto/CMakeFiles/crypto_objects.dir/bytestring/unicode.c.o
[INFO] [stderr]   [ 21%] Building C object aws-lc/crypto/CMakeFiles/crypto_objects.dir/chacha/chacha.c.o
[INFO] [stderr]   [ 21%] Building C object aws-lc/crypto/CMakeFiles/crypto_objects.dir/cipher_extra/cipher_extra.c.o
[INFO] [stderr]   [ 22%] Building C object aws-lc/crypto/CMakeFiles/crypto_objects.dir/cipher_extra/derive_key.c.o
[INFO] [stderr]   [ 22%] Building C object aws-lc/crypto/CMakeFiles/crypto_objects.dir/cipher_extra/e_aesctrhmac.c.o
[INFO] [stderr]   [ 22%] Building C object aws-lc/crypto/CMakeFiles/crypto_objects.dir/cipher_extra/e_aesgcmsiv.c.o
[INFO] [stderr]   [ 23%] Building C object aws-lc/crypto/CMakeFiles/crypto_objects.dir/cipher_extra/e_chacha20poly1305.c.o
[INFO] [stderr]   [ 23%] Building C object aws-lc/crypto/CMakeFiles/crypto_objects.dir/cipher_extra/e_aes_cbc_hmac_sha1.c.o
[INFO] [stderr]   [ 23%] Building C object aws-lc/crypto/CMakeFiles/crypto_objects.dir/cipher_extra/e_aes_cbc_hmac_sha256.c.o
[INFO] [stderr]   [ 23%] Building C object aws-lc/crypto/CMakeFiles/crypto_objects.dir/cipher_extra/e_null.c.o
[INFO] [stderr]   [ 24%] Building C object aws-lc/crypto/CMakeFiles/crypto_objects.dir/cipher_extra/e_des.c.o
[INFO] [stderr]   [ 24%] Building C object aws-lc/crypto/CMakeFiles/crypto_objects.dir/cipher_extra/e_rc2.c.o
[INFO] [stderr]   [ 25%] Building C object aws-lc/crypto/CMakeFiles/crypto_objects.dir/cipher_extra/e_rc4.c.o
[INFO] [stderr]   [ 25%] Building C object aws-lc/crypto/CMakeFiles/crypto_objects.dir/cipher_extra/e_tls.c.o
[INFO] [stderr]   [ 25%] Building C object aws-lc/crypto/CMakeFiles/crypto_objects.dir/cipher_extra/tls_cbc.c.o
[INFO] [stderr]   [ 26%] Building C object aws-lc/crypto/CMakeFiles/crypto_objects.dir/conf/conf.c.o
[INFO] [stderr]   [ 26%] Building C object aws-lc/crypto/CMakeFiles/crypto_objects.dir/crypto.c.o
[INFO] [stderr]   [ 27%] Building C object aws-lc/crypto/CMakeFiles/crypto_objects.dir/curve25519/curve25519.c.o
[INFO] [stderr]   [ 27%] Building C object aws-lc/crypto/CMakeFiles/crypto_objects.dir/curve25519/spake25519.c.o
[INFO] [stderr]   [ 27%] Building C object aws-lc/crypto/CMakeFiles/crypto_objects.dir/des/des.c.o
[INFO] [stderr]   [ 27%] Building C object aws-lc/crypto/CMakeFiles/crypto_objects.dir/dh_extra/params.c.o
[INFO] [stderr]   [ 27%] Building C object aws-lc/crypto/CMakeFiles/crypto_objects.dir/digest_extra/digest_extra.c.o
[INFO] [stderr]   [ 28%] Building C object aws-lc/crypto/CMakeFiles/crypto_objects.dir/dh_extra/dh_asn1.c.o
[INFO] [stderr]   [ 28%] Building C object aws-lc/crypto/CMakeFiles/crypto_objects.dir/dsa/dsa.c.o
[INFO] [stderr]   [ 29%] Building C object aws-lc/crypto/CMakeFiles/crypto_objects.dir/dsa/dsa_asn1.c.o
[INFO] [stderr]   [ 29%] Building C object aws-lc/crypto/CMakeFiles/crypto_objects.dir/ecdh_extra/ecdh_extra.c.o
[INFO] [stderr]   [ 29%] Building C object aws-lc/crypto/CMakeFiles/crypto_objects.dir/ecdsa_extra/ecdsa_asn1.c.o
[INFO] [stderr]   [ 30%] Building C object aws-lc/crypto/CMakeFiles/crypto_objects.dir/ec_extra/ec_asn1.c.o
[INFO] [stderr]   [ 30%] Building C object aws-lc/crypto/CMakeFiles/crypto_objects.dir/ec_extra/ec_derive.c.o
[INFO] [stderr]   [ 30%] Building C object aws-lc/crypto/CMakeFiles/crypto_objects.dir/ec_extra/hash_to_curve.c.o
[INFO] [stderr]   [ 31%] Building C object aws-lc/crypto/CMakeFiles/crypto_objects.dir/err/err.c.o
[INFO] [stderr]   [ 31%] Building C object aws-lc/crypto/CMakeFiles/crypto_objects.dir/err_data.c.o
[INFO] [stderr]   [ 31%] Building C object aws-lc/crypto/CMakeFiles/crypto_objects.dir/engine/engine.c.o
[INFO] [stderr]   [ 32%] Building C object aws-lc/crypto/CMakeFiles/crypto_objects.dir/evp_extra/evp_asn1.c.o
[INFO] [stderr]   [ 32%] Building C object aws-lc/crypto/CMakeFiles/crypto_objects.dir/evp_extra/p_dsa_asn1.c.o
[INFO] [stderr]   [ 32%] Building C object aws-lc/crypto/CMakeFiles/crypto_objects.dir/evp_extra/p_ec_asn1.c.o
[INFO] [stderr]   [ 33%] Building C object aws-lc/crypto/CMakeFiles/crypto_objects.dir/evp_extra/p_ed25519.c.o
[INFO] [stderr]   [ 33%] Building C object aws-lc/crypto/CMakeFiles/crypto_objects.dir/evp_extra/p_ed25519_asn1.c.o
[INFO] [stderr]   [ 33%] Building C object aws-lc/crypto/CMakeFiles/crypto_objects.dir/evp_extra/p_kem.c.o
[INFO] [stderr]   [ 34%] Building C object aws-lc/crypto/CMakeFiles/crypto_objects.dir/evp_extra/p_kem_asn1.c.o
[INFO] [stderr]   [ 34%] Building C object aws-lc/crypto/CMakeFiles/crypto_objects.dir/evp_extra/p_rsa_asn1.c.o
[INFO] [stderr]   [ 34%] Building C object aws-lc/crypto/CMakeFiles/crypto_objects.dir/evp_extra/p_x25519.c.o
[INFO] [stderr]   [ 35%] Building C object aws-lc/crypto/CMakeFiles/crypto_objects.dir/evp_extra/p_x25519_asn1.c.o
[INFO] [stderr]   [ 35%] Building C object aws-lc/crypto/CMakeFiles/crypto_objects.dir/evp_extra/p_methods.c.o
[INFO] [stderr]   [ 35%] Building C object aws-lc/crypto/CMakeFiles/crypto_objects.dir/evp_extra/print.c.o
[INFO] [stderr]   [ 36%] Building C object aws-lc/crypto/CMakeFiles/crypto_objects.dir/evp_extra/scrypt.c.o
[INFO] [stderr]   [ 36%] Building C object aws-lc/crypto/CMakeFiles/crypto_objects.dir/ex_data.c.o
[INFO] [stderr]   [ 36%] Building C object aws-lc/crypto/CMakeFiles/crypto_objects.dir/evp_extra/sign.c.o
[INFO] [stderr]   [ 37%] Building C object aws-lc/crypto/CMakeFiles/crypto_objects.dir/hpke/hpke.c.o
[INFO] [stderr]   [ 37%] Building C object aws-lc/crypto/CMakeFiles/crypto_objects.dir/hrss/hrss.c.o
[INFO] [stderr]   [ 37%] Building C object aws-lc/crypto/CMakeFiles/crypto_objects.dir/kem/kem.c.o
[INFO] [stderr]   [ 38%] Building C object aws-lc/crypto/CMakeFiles/crypto_objects.dir/kem/kem_methods.c.o
[INFO] [stderr]   [ 38%] Building C object aws-lc/crypto/CMakeFiles/crypto_objects.dir/kyber/kyber512r3_ref.c.o
[INFO] [stderr]   [ 38%] Building C object aws-lc/crypto/CMakeFiles/crypto_objects.dir/kyber/kyber768r3_ref.c.o
[INFO] [stderr]   [ 39%] Building C object aws-lc/crypto/CMakeFiles/crypto_objects.dir/kyber/kyber1024r3_ref.c.o
[INFO] [stderr]   [ 39%] Building C object aws-lc/crypto/CMakeFiles/crypto_objects.dir/kyber/pqcrystals_kyber_ref_common/fips202.c.o
[INFO] [stderr]   [ 39%] Building C object aws-lc/crypto/CMakeFiles/crypto_objects.dir/kyber/kem_kyber.c.o
[INFO] [stderr]   [ 40%] Building C object aws-lc/crypto/CMakeFiles/crypto_objects.dir/lhash/lhash.c.o
[INFO] [stderr]   [ 40%] Building C object aws-lc/crypto/CMakeFiles/crypto_objects.dir/mem.c.o
[INFO] [stderr]   [ 40%] Building C object aws-lc/crypto/CMakeFiles/crypto_objects.dir/obj/obj.c.o
[INFO] [stderr]   [ 41%] Building C object aws-lc/crypto/CMakeFiles/crypto_objects.dir/obj/obj_xref.c.o
[INFO] [stderr]   [ 41%] Building C object aws-lc/crypto/CMakeFiles/crypto_objects.dir/ocsp/ocsp_asn.c.o
[INFO] [stderr]   [ 41%] Building C object aws-lc/crypto/CMakeFiles/crypto_objects.dir/ocsp/ocsp_client.c.o
[INFO] [stderr]   [ 42%] Building C object aws-lc/crypto/CMakeFiles/crypto_objects.dir/ocsp/ocsp_lib.c.o
[INFO] [stderr]   [ 42%] Building C object aws-lc/crypto/CMakeFiles/crypto_objects.dir/ocsp/ocsp_verify.c.o
[INFO] [stderr]   [ 42%] Building C object aws-lc/crypto/CMakeFiles/crypto_objects.dir/pem/pem_all.c.o
[INFO] [stderr]   [ 42%] Building C object aws-lc/crypto/CMakeFiles/crypto_objects.dir/pem/pem_lib.c.o
[INFO] [stderr]   [ 43%] Building C object aws-lc/crypto/CMakeFiles/crypto_objects.dir/pem/pem_info.c.o
[INFO] [stderr]   [ 43%] Building C object aws-lc/crypto/CMakeFiles/crypto_objects.dir/pem/pem_oth.c.o
[INFO] [stderr]   [ 44%] Building C object aws-lc/crypto/CMakeFiles/crypto_objects.dir/pem/pem_pk8.c.o
[INFO] [stderr]   [ 44%] Building C object aws-lc/crypto/CMakeFiles/crypto_objects.dir/pem/pem_pkey.c.o
[INFO] [stderr]   [ 44%] Building C object aws-lc/crypto/CMakeFiles/crypto_objects.dir/pem/pem_x509.c.o
[INFO] [stderr]   [ 45%] Building C object aws-lc/crypto/CMakeFiles/crypto_objects.dir/pem/pem_xaux.c.o
[INFO] [stderr]   [ 45%] Building C object aws-lc/crypto/CMakeFiles/crypto_objects.dir/pkcs7/pkcs7.c.o
[INFO] [stderr]   [ 46%] Building C object aws-lc/crypto/CMakeFiles/crypto_objects.dir/pkcs8/pkcs8.c.o
[INFO] [stderr]   [ 46%] Building C object aws-lc/crypto/CMakeFiles/crypto_objects.dir/pkcs7/pkcs7_x509.c.o
[INFO] [stderr]   [ 46%] Building C object aws-lc/crypto/CMakeFiles/crypto_objects.dir/pkcs8/pkcs8_x509.c.o
[INFO] [stderr]   [ 46%] Building C object aws-lc/crypto/CMakeFiles/crypto_objects.dir/pkcs8/p5_pbev2.c.o
[INFO] [stderr]   [ 47%] Building C object aws-lc/crypto/CMakeFiles/crypto_objects.dir/poly1305/poly1305.c.o
[INFO] [stderr]   [ 47%] Building C object aws-lc/crypto/CMakeFiles/crypto_objects.dir/poly1305/poly1305_arm.c.o
[INFO] [stderr]   [ 47%] Building C object aws-lc/crypto/CMakeFiles/crypto_objects.dir/poly1305/poly1305_vec.c.o
[INFO] [stderr]   [ 48%] Building C object aws-lc/crypto/CMakeFiles/crypto_objects.dir/pool/pool.c.o
[INFO] [stderr]   [ 48%] Building C object aws-lc/crypto/CMakeFiles/crypto_objects.dir/rand_extra/deterministic.c.o
[INFO] [stderr]   [ 48%] Building C object aws-lc/crypto/CMakeFiles/crypto_objects.dir/rand_extra/forkunsafe.c.o
[INFO] [stderr]   [ 49%] Building C object aws-lc/crypto/CMakeFiles/crypto_objects.dir/rand_extra/fuchsia.c.o
[INFO] [stderr]   [ 49%] Building C object aws-lc/crypto/CMakeFiles/crypto_objects.dir/rand_extra/pq_custom_randombytes.c.o
[INFO] [stderr]   [ 49%] Building C object aws-lc/crypto/CMakeFiles/crypto_objects.dir/rand_extra/rand_extra.c.o
[INFO] [stderr]   [ 50%] Building C object aws-lc/crypto/CMakeFiles/crypto_objects.dir/rand_extra/windows.c.o
[INFO] [stderr]   [ 50%] Building C object aws-lc/crypto/CMakeFiles/crypto_objects.dir/rc4/rc4.c.o
[INFO] [stderr]   [ 50%] Building C object aws-lc/crypto/CMakeFiles/crypto_objects.dir/refcount_c11.c.o
[INFO] [stderr]   [ 51%] Building C object aws-lc/crypto/CMakeFiles/crypto_objects.dir/refcount_lock.c.o
[INFO] [stderr]   [ 51%] Building C object aws-lc/crypto/CMakeFiles/crypto_objects.dir/rsa_extra/rsa_asn1.c.o
[INFO] [stderr]   [ 51%] Building C object aws-lc/crypto/CMakeFiles/crypto_objects.dir/rsa_extra/rsassa_pss_asn1.c.o
[INFO] [stderr]   [ 52%] Building C object aws-lc/crypto/CMakeFiles/crypto_objects.dir/rsa_extra/rsa_print.c.o
[INFO] [stderr]   [ 52%] Building C object aws-lc/crypto/CMakeFiles/crypto_objects.dir/stack/stack.c.o
[INFO] [stderr]   [ 53%] Building C object aws-lc/crypto/CMakeFiles/crypto_objects.dir/thread.c.o
[INFO] [stderr]   [ 53%] Building C object aws-lc/crypto/CMakeFiles/crypto_objects.dir/siphash/siphash.c.o
[INFO] [stderr]   [ 53%] Building C object aws-lc/crypto/CMakeFiles/crypto_objects.dir/thread_none.c.o
[INFO] [stderr]   [ 53%] Building C object aws-lc/crypto/CMakeFiles/crypto_objects.dir/thread_pthread.c.o
[INFO] [stderr]   [ 54%] Building C object aws-lc/crypto/CMakeFiles/crypto_objects.dir/thread_win.c.o
[INFO] [stderr]   [ 54%] Building C object aws-lc/crypto/CMakeFiles/crypto_objects.dir/trust_token/pmbtoken.c.o
[INFO] [stderr]   [ 54%] Building C object aws-lc/crypto/CMakeFiles/crypto_objects.dir/trust_token/trust_token.c.o
[INFO] [stderr]   [ 54%] Building C object aws-lc/crypto/CMakeFiles/crypto_objects.dir/trust_token/voprf.c.o
[INFO] [stderr]   [ 55%] Building C object aws-lc/crypto/CMakeFiles/crypto_objects.dir/x509/a_digest.c.o
[INFO] [stderr]   [ 55%] Building C object aws-lc/crypto/CMakeFiles/crypto_objects.dir/x509/a_sign.c.o
[INFO] [stderr]   [ 55%] Building C object aws-lc/crypto/CMakeFiles/crypto_objects.dir/x509/a_verify.c.o
[INFO] [stderr]   [ 56%] Building C object aws-lc/crypto/CMakeFiles/crypto_objects.dir/x509/algorithm.c.o
[INFO] [stderr]   [ 56%] Building C object aws-lc/crypto/CMakeFiles/crypto_objects.dir/x509/asn1_gen.c.o
[INFO] [stderr]   [ 56%] Building C object aws-lc/crypto/CMakeFiles/crypto_objects.dir/x509/by_dir.c.o
[INFO] [stderr]   [ 57%] Building C object aws-lc/crypto/CMakeFiles/crypto_objects.dir/x509/by_file.c.o
[INFO] [stderr]   [ 57%] Building C object aws-lc/crypto/CMakeFiles/crypto_objects.dir/x509/i2d_pr.c.o
[INFO] [stderr]   [ 57%] Building C object aws-lc/crypto/CMakeFiles/crypto_objects.dir/x509/name_print.c.o
[INFO] [stderr]   [ 58%] Building C object aws-lc/crypto/CMakeFiles/crypto_objects.dir/x509/policy.c.o
[INFO] [stderr]   [ 58%] Building C object aws-lc/crypto/CMakeFiles/crypto_objects.dir/x509/rsa_pss.c.o
[INFO] [stderr]   [ 58%] Building C object aws-lc/crypto/CMakeFiles/crypto_objects.dir/x509/t_crl.c.o
[INFO] [stderr]   [ 59%] Building C object aws-lc/crypto/CMakeFiles/crypto_objects.dir/x509/t_req.c.o
[INFO] [stderr]   [ 59%] Building C object aws-lc/crypto/CMakeFiles/crypto_objects.dir/x509/t_x509.c.o
[INFO] [stderr]   [ 59%] Building C object aws-lc/crypto/CMakeFiles/crypto_objects.dir/x509/t_x509a.c.o
[INFO] [stderr]   [ 59%] Building C object aws-lc/crypto/CMakeFiles/crypto_objects.dir/x509/x509_att.c.o
[INFO] [stderr]   [ 59%] Building C object aws-lc/crypto/CMakeFiles/crypto_objects.dir/x509/x509_cmp.c.o
[INFO] [stderr]   [ 60%] Building C object aws-lc/crypto/CMakeFiles/crypto_objects.dir/x509/x509.c.o
[INFO] [stderr]   [ 61%] Building C object aws-lc/crypto/CMakeFiles/crypto_objects.dir/x509/x509_d2.c.o
[INFO] [stderr]   [ 61%] Building C object aws-lc/crypto/CMakeFiles/crypto_objects.dir/x509/x509_def.c.o
[INFO] [stderr]   [ 61%] Building C object aws-lc/crypto/CMakeFiles/crypto_objects.dir/x509/x509_ext.c.o
[INFO] [stderr]   [ 62%] Building C object aws-lc/crypto/CMakeFiles/crypto_objects.dir/x509/x509_lu.c.o
[INFO] [stderr]   [ 62%] Building C object aws-lc/crypto/CMakeFiles/crypto_objects.dir/x509/x509_obj.c.o
[INFO] [stderr]   [ 62%] Building C object aws-lc/crypto/CMakeFiles/crypto_objects.dir/x509/x509_req.c.o
[INFO] [stderr]   [ 63%] Building C object aws-lc/crypto/CMakeFiles/crypto_objects.dir/x509/x509_set.c.o
[INFO] [stderr]   [ 63%] Building C object aws-lc/crypto/CMakeFiles/crypto_objects.dir/x509/x509_trs.c.o
[INFO] [stderr]   [ 63%] Building C object aws-lc/crypto/CMakeFiles/crypto_objects.dir/x509/x509_txt.c.o
[INFO] [stderr]   [ 63%] Building C object aws-lc/crypto/CMakeFiles/crypto_objects.dir/x509/x509_vfy.c.o
[INFO] [stderr]   [ 63%] Building C object aws-lc/crypto/CMakeFiles/crypto_objects.dir/x509/x509_vpm.c.o
[INFO] [stderr]   [ 64%] Building C object aws-lc/crypto/CMakeFiles/crypto_objects.dir/x509/x509cset.c.o
[INFO] [stderr]   [ 64%] Building C object aws-lc/crypto/CMakeFiles/crypto_objects.dir/x509/x509name.c.o
[INFO] [stderr]   [ 64%] Building C object aws-lc/crypto/CMakeFiles/crypto_objects.dir/x509/x509rset.c.o
[INFO] [stderr]   [ 65%] Building C object aws-lc/crypto/CMakeFiles/crypto_objects.dir/x509/x509spki.c.o
[INFO] [stderr]   [ 66%] Building C object aws-lc/crypto/CMakeFiles/crypto_objects.dir/x509/x509_v3.c.o
[INFO] [stderr]   [ 66%] Building C object aws-lc/crypto/CMakeFiles/crypto_objects.dir/x509/x_algor.c.o
[INFO] [stderr]   [ 66%] Building C object aws-lc/crypto/CMakeFiles/crypto_objects.dir/x509/x_all.c.o
[INFO] [stderr]   [ 67%] Building C object aws-lc/crypto/CMakeFiles/crypto_objects.dir/x509/x_attrib.c.o
[INFO] [stderr]   [ 67%] Building C object aws-lc/crypto/CMakeFiles/crypto_objects.dir/x509/x_crl.c.o
[INFO] [stderr]   [ 67%] Building C object aws-lc/crypto/CMakeFiles/crypto_objects.dir/x509/x_exten.c.o
[INFO] [stderr]   [ 68%] Building C object aws-lc/crypto/CMakeFiles/crypto_objects.dir/x509/x_info.c.o
[INFO] [stderr]   [ 68%] Building C object aws-lc/crypto/CMakeFiles/crypto_objects.dir/x509/x_name.c.o
[INFO] [stderr]   [ 68%] Building C object aws-lc/crypto/CMakeFiles/crypto_objects.dir/x509/x_pkey.c.o
[INFO] [stderr]   [ 69%] Building C object aws-lc/crypto/CMakeFiles/crypto_objects.dir/x509/x_pubkey.c.o
[INFO] [stderr]   [ 69%] Building C object aws-lc/crypto/CMakeFiles/crypto_objects.dir/x509/x_req.c.o
[INFO] [stderr]   [ 69%] Building C object aws-lc/crypto/CMakeFiles/crypto_objects.dir/x509/x_sig.c.o
[INFO] [stderr]   [ 69%] Building C object aws-lc/crypto/CMakeFiles/crypto_objects.dir/x509/x_val.c.o
[INFO] [stderr]   [ 70%] Building C object aws-lc/crypto/CMakeFiles/crypto_objects.dir/x509/x_spki.c.o
[INFO] [stderr]   [ 70%] Building C object aws-lc/crypto/CMakeFiles/crypto_objects.dir/x509/x_x509.c.o
[INFO] [stderr]   [ 71%] Building C object aws-lc/crypto/CMakeFiles/crypto_objects.dir/x509/x_x509a.c.o
[INFO] [stderr]   [ 71%] Building C object aws-lc/crypto/CMakeFiles/crypto_objects.dir/x509v3/v3_akey.c.o
[INFO] [stderr]   [ 71%] Building C object aws-lc/crypto/CMakeFiles/crypto_objects.dir/x509v3/v3_akeya.c.o
[INFO] [stderr]   [ 72%] Building C object aws-lc/crypto/CMakeFiles/crypto_objects.dir/x509v3/v3_alt.c.o
[INFO] [stderr]   [ 72%] Building C object aws-lc/crypto/CMakeFiles/crypto_objects.dir/x509v3/v3_bcons.c.o
[INFO] [stderr]   [ 72%] Building C object aws-lc/crypto/CMakeFiles/crypto_objects.dir/x509v3/v3_bitst.c.o
[INFO] [stderr]   [ 73%] Building C object aws-lc/crypto/CMakeFiles/crypto_objects.dir/x509v3/v3_conf.c.o
[INFO] [stderr]   [ 73%] Building C object aws-lc/crypto/CMakeFiles/crypto_objects.dir/x509v3/v3_cpols.c.o
[INFO] [stderr]   [ 73%] Building C object aws-lc/crypto/CMakeFiles/crypto_objects.dir/x509v3/v3_crld.c.o
[INFO] [stderr]   [ 74%] Building C object aws-lc/crypto/CMakeFiles/crypto_objects.dir/x509v3/v3_enum.c.o
[INFO] [stderr]   [ 74%] Building C object aws-lc/crypto/CMakeFiles/crypto_objects.dir/x509v3/v3_extku.c.o
[INFO] [stderr]   [ 74%] Building C object aws-lc/crypto/CMakeFiles/crypto_objects.dir/x509v3/v3_genn.c.o
[INFO] [stderr]   [ 75%] Building C object aws-lc/crypto/CMakeFiles/crypto_objects.dir/x509v3/v3_ia5.c.o
[INFO] [stderr]   [ 75%] Building C object aws-lc/crypto/CMakeFiles/crypto_objects.dir/x509v3/v3_int.c.o
[INFO] [stderr]   [ 75%] Building C object aws-lc/crypto/CMakeFiles/crypto_objects.dir/x509v3/v3_info.c.o
[INFO] [stderr]   [ 76%] Building C object aws-lc/crypto/CMakeFiles/crypto_objects.dir/x509v3/v3_lib.c.o
[INFO] [stderr]   [ 76%] Building C object aws-lc/crypto/CMakeFiles/crypto_objects.dir/x509v3/v3_ncons.c.o
[INFO] [stderr]   [ 76%] Building C object aws-lc/crypto/CMakeFiles/crypto_objects.dir/x509v3/v3_ocsp.c.o
[INFO] [stderr]   [ 77%] Building C object aws-lc/crypto/CMakeFiles/crypto_objects.dir/x509v3/v3_pci.c.o
[INFO] [stderr]   [ 77%] Building C object aws-lc/crypto/CMakeFiles/crypto_objects.dir/x509v3/v3_pcia.c.o
[INFO] [stderr]   [ 77%] Building C object aws-lc/crypto/CMakeFiles/crypto_objects.dir/x509v3/v3_pcons.c.o
[INFO] [stderr]   [ 78%] Building C object aws-lc/crypto/CMakeFiles/crypto_objects.dir/x509v3/v3_pmaps.c.o
[INFO] [stderr]   [ 78%] Building C object aws-lc/crypto/CMakeFiles/crypto_objects.dir/x509v3/v3_prn.c.o
[INFO] [stderr]   [ 78%] Building C object aws-lc/crypto/CMakeFiles/crypto_objects.dir/x509v3/v3_purp.c.o
[INFO] [stderr]   [ 79%] Building C object aws-lc/crypto/CMakeFiles/crypto_objects.dir/x509v3/v3_skey.c.o
[INFO] [stderr]   [ 79%] Building C object aws-lc/crypto/CMakeFiles/crypto_objects.dir/x509v3/v3_utl.c.o
[INFO] [stderr]   [ 79%] Building C object aws-lc/crypto/CMakeFiles/crypto_objects.dir/decrepit/bio/base64_bio.c.o
[INFO] [stderr]   [ 80%] Building C object aws-lc/crypto/CMakeFiles/crypto_objects.dir/decrepit/blowfish/blowfish.c.o
[INFO] [stderr]   [ 80%] Building C object aws-lc/crypto/CMakeFiles/crypto_objects.dir/decrepit/cast/cast_tables.c.o
[INFO] [stderr]   [ 80%] Building C object aws-lc/crypto/CMakeFiles/crypto_objects.dir/decrepit/cfb/cfb.c.o
[INFO] [stderr]   [ 81%] Building C object aws-lc/crypto/CMakeFiles/crypto_objects.dir/decrepit/dh/dh_decrepit.c.o
[INFO] [stderr]   [ 81%] Building C object aws-lc/crypto/CMakeFiles/crypto_objects.dir/decrepit/evp/evp_do_all.c.o
[INFO] [stderr]   [ 82%] Building C object aws-lc/crypto/CMakeFiles/crypto_objects.dir/decrepit/ripemd/ripemd.c.o
[INFO] [stderr]   [ 82%] Building C object aws-lc/crypto/CMakeFiles/crypto_objects.dir/decrepit/rsa/rsa_decrepit.c.o
[INFO] [stderr]   [ 82%] Building ASM object aws-lc/crypto/CMakeFiles/crypto_objects.dir/chacha/chacha-x86_64.S.o
[INFO] [stderr]   [ 82%] Building C object aws-lc/crypto/CMakeFiles/crypto_objects.dir/decrepit/x509/x509_decrepit.c.o
[INFO] [stderr]   [ 83%] Building ASM object aws-lc/crypto/CMakeFiles/crypto_objects.dir/cipher_extra/chacha20_poly1305_x86_64.S.o
[INFO] [stderr]   [ 83%] Building ASM object aws-lc/crypto/CMakeFiles/crypto_objects.dir/cipher_extra/aes128gcmsiv-x86_64.S.o
[INFO] [stderr]   [ 83%] Building ASM object aws-lc/crypto/CMakeFiles/crypto_objects.dir/cipher_extra/aesni-sha1-x86_64.S.o
[INFO] [stderr]   [ 84%] Building ASM object aws-lc/crypto/CMakeFiles/crypto_objects.dir/cipher_extra/aesni-sha256-x86_64.S.o
[INFO] [stderr]   [ 84%] Building ASM object aws-lc/crypto/CMakeFiles/crypto_objects.dir/test/trampoline-x86_64.S.o
[INFO] [stderr]   [ 84%] Building ASM object aws-lc/crypto/CMakeFiles/crypto_objects.dir/hrss/asm/poly_rq_mul.S.o
[INFO] [stderr]   [ 84%] Built target crypto_objects
[INFO] [stderr]   [ 84%] Linking C static library libbcm_c_generated_asm.a
[INFO] [stderr]   [ 84%] Built target bcm_c_generated_asm
[INFO] [stderr]   [ 85%] Generating aesni-x86_64.S
[INFO] [stderr]   [ 85%] Generating delocate
[INFO] [stderr]   [ 85%] Generating x86_64-mont5.S
[INFO] [stderr]   [ 85%] Generating aesni-gcm-x86_64.S
[INFO] [stderr]   [ 85%] Generating md5-x86_64.S
[INFO] [stderr]   [ 85%] Generating ghash-x86_64.S
[INFO] [stderr]   [ 86%] Generating ghash-ssse3-x86_64.S
[INFO] [stderr]   [ 86%] Generating p384/bignum_deamont_p384_alt.S.S
[INFO] [stderr]   [ 87%] Generating p256_beeu-x86_64-asm.S
[INFO] [stderr]   [ 87%] Generating p256-x86_64-asm.S
[INFO] [stderr]   [ 88%] Generating rdrand-x86_64.S
[INFO] [stderr]   [ 88%] Generating rsaz-avx2.S
[INFO] [stderr]   [ 89%] Generating sha256-x86_64.S
[INFO] [stderr]   [ 89%] Generating sha512-x86_64.S
[INFO] [stderr]   [ 89%] Generating sha1-x86_64.S
[INFO] [stderr]   [ 89%] Generating vpaes-x86_64.S
[INFO] [stderr]   [ 90%] Generating x86_64-mont.S
[INFO] [stderr]   [ 90%] Generating p384/bignum_add_p384.S.S
[INFO] [stderr]   [ 91%] Generating p384/bignum_sub_p384.S.S
[INFO] [stderr]   [ 91%] Generating p384/bignum_neg_p384.S.S
[INFO] [stderr]   [ 91%] Generating p384/bignum_tomont_p384.S.S
[INFO] [stderr]   [ 92%] Generating p384/bignum_deamont_p384.S.S
[INFO] [stderr]   [ 93%] Generating p384/bignum_montmul_p384.S.S
[INFO] [stderr]   [ 93%] Generating p384/bignum_montmul_p384_alt.S.S
[INFO] [stderr]   [ 93%] Generating p384/bignum_montsqr_p384.S.S
[INFO] [stderr]   [ 94%] Generating p384/bignum_montsqr_p384_alt.S.S
[INFO] [stderr]   [ 94%] Generating p384/bignum_littleendian_6.S.S
[INFO] [stderr]   [ 94%] Generating p384/bignum_nonzero_6.S.S
[INFO] [stderr]   [ 95%] Generating p521/bignum_add_p521.S.S
[INFO] [stderr]   [ 95%] Generating p521/bignum_sub_p521.S.S
[INFO] [stderr]   [ 95%] Generating p521/bignum_neg_p521.S.S
[INFO] [stderr]   [ 96%] Generating p521/bignum_mul_p521_alt.S.S
[INFO] [stderr]   [ 96%] Generating p521/bignum_mul_p521.S.S
[INFO] [stderr]   [ 96%] Generating p521/bignum_sqr_p521.S.S
[INFO] [stderr]   [ 97%] Generating p521/bignum_sqr_p521_alt.S.S
[INFO] [stderr]   [ 97%] Generating p521/bignum_tolebytes_p521.S.S
[INFO] [stderr]   [ 97%] Generating p384/bignum_tomont_p384_alt.S.S
[INFO] [stderr]   [ 97%] Generating p521/bignum_fromlebytes_p521.S.S
[INFO] [stderr]   [ 97%] Generating bcm-delocated.S
[INFO] [stderr] 
[INFO] [stderr]   --- stderr
[INFO] [stderr]   Killed
[INFO] [stderr]   gmake[2]: *** [aws-lc/crypto/fipsmodule/CMakeFiles/bcm_hashunset.dir/build.make:112: aws-lc/crypto/fipsmodule/bcm-delocated.S] Error 137
[INFO] [stderr]   gmake[1]: *** [CMakeFiles/Makefile2:335: aws-lc/crypto/fipsmodule/CMakeFiles/bcm_hashunset.dir/all] Error 2
[INFO] [stderr]   gmake: *** [Makefile:136: all] Error 2
[INFO] [stderr]   thread 'main' panicked at '
[INFO] [stderr]   command did not execute successfully, got: exit status: 2
[INFO] [stderr] 
[INFO] [stderr]   build script failed, must exit now', /opt/rustwide/cargo-home/registry/src/index.crates.io-6f17d22bba15001f/cmake-0.1.50/src/lib.rs:1098:5
[INFO] [stderr]   stack backtrace:
[INFO] [stderr]      0:     0x5611455ead81 - std::backtrace_rs::backtrace::libunwind::trace::ha9d9de1bf4176bfa
[INFO] [stderr]                                  at /rustc/e6e4f7ed1589e03bc2f6c5931c1a72e7947e8682/library/std/src/../../backtrace/src/backtrace/libunwind.rs:93:5
[INFO] [stderr]      1:     0x5611455ead81 - std::backtrace_rs::backtrace::trace_unsynchronized::h165c36ef694ada1c
[INFO] [stderr]                                  at /rustc/e6e4f7ed1589e03bc2f6c5931c1a72e7947e8682/library/std/src/../../backtrace/src/backtrace/mod.rs:66:5
[INFO] [stderr]      2:     0x5611455ead81 - std::sys_common::backtrace::_print_fmt::h4d89c7ce1e89b43d
[INFO] [stderr]                                  at /rustc/e6e4f7ed1589e03bc2f6c5931c1a72e7947e8682/library/std/src/sys_common/backtrace.rs:65:5
[INFO] [stderr]      3:     0x5611455ead81 - <std::sys_common::backtrace::_print::DisplayBacktrace as core::fmt::Display>::fmt::hfc68e8a2f3b7b37c
[INFO] [stderr]                                  at /rustc/e6e4f7ed1589e03bc2f6c5931c1a72e7947e8682/library/std/src/sys_common/backtrace.rs:44:22
[INFO] [stderr]      4:     0x56114560d1af - core::fmt::rt::Argument::fmt::hc7dd5538f3de21b7
[INFO] [stderr]                                  at /rustc/e6e4f7ed1589e03bc2f6c5931c1a72e7947e8682/library/core/src/fmt/rt.rs:138:9
[INFO] [stderr]      5:     0x56114560d1af - core::fmt::write::hac9705ca9b43c249
[INFO] [stderr]                                  at /rustc/e6e4f7ed1589e03bc2f6c5931c1a72e7947e8682/library/core/src/fmt/mod.rs:1094:21
[INFO] [stderr]      6:     0x5611455e7fb1 - std::io::Write::write_fmt::h7bc9466b47d6774b
[INFO] [stderr]                                  at /rustc/e6e4f7ed1589e03bc2f6c5931c1a72e7947e8682/library/std/src/io/mod.rs:1713:15
[INFO] [stderr]      7:     0x5611455eab95 - std::sys_common::backtrace::_print::h03072469d8150f3e
[INFO] [stderr]                                  at /rustc/e6e4f7ed1589e03bc2f6c5931c1a72e7947e8682/library/std/src/sys_common/backtrace.rs:47:5
[INFO] [stderr]      8:     0x5611455eab95 - std::sys_common::backtrace::print::hd0f67791f02b87ae
[INFO] [stderr]                                  at /rustc/e6e4f7ed1589e03bc2f6c5931c1a72e7947e8682/library/std/src/sys_common/backtrace.rs:34:9
[INFO] [stderr]      9:     0x5611455ec267 - std::panicking::default_hook::{{closure}}::h7c8ccb2c703d1528
[INFO] [stderr]     10:     0x5611455ec054 - std::panicking::default_hook::h770c31d58b53801e
[INFO] [stderr]                                  at /rustc/e6e4f7ed1589e03bc2f6c5931c1a72e7947e8682/library/std/src/panicking.rs:288:9
[INFO] [stderr]     11:     0x5611455ec71c - std::panicking::rust_panic_with_hook::hb50e58c42f5187f2
[INFO] [stderr]                                  at /rustc/e6e4f7ed1589e03bc2f6c5931c1a72e7947e8682/library/std/src/panicking.rs:705:13
[INFO] [stderr]     12:     0x5611455ec617 - std::panicking::begin_panic_handler::{{closure}}::h4d6093b91efbd52e
[INFO] [stderr]                                  at /rustc/e6e4f7ed1589e03bc2f6c5931c1a72e7947e8682/library/std/src/panicking.rs:597:13
[INFO] [stderr]     13:     0x5611455eb1b6 - std::sys_common::backtrace::__rust_end_short_backtrace::h318963d1ef4510cb
[INFO] [stderr]                                  at /rustc/e6e4f7ed1589e03bc2f6c5931c1a72e7947e8682/library/std/src/sys_common/backtrace.rs:151:18
[INFO] [stderr]     14:     0x5611455ec362 - rust_begin_unwind
[INFO] [stderr]                                  at /rustc/e6e4f7ed1589e03bc2f6c5931c1a72e7947e8682/library/std/src/panicking.rs:593:5
[INFO] [stderr]     15:     0x56114556d9a3 - core::panicking::panic_fmt::h6ce9f4b93775846b
[INFO] [stderr]                                  at /rustc/e6e4f7ed1589e03bc2f6c5931c1a72e7947e8682/library/core/src/panicking.rs:67:14
[INFO] [stderr]     16:     0x56114557cdb1 - cmake::fail::h15fb8f0ce405ecea
[INFO] [stderr]     17:     0x56114557c545 - cmake::run::h602f1164c1562516
[INFO] [stderr]     18:     0x561145578d2e - cmake::Config::build::h92b53f722f655935
[INFO] [stderr]     19:     0x56114556f428 - build_script_main::build_rust_wrapper::h3b944e8aec7650ff
[INFO] [stderr]     20:     0x56114556f980 - build_script_main::main::h1629f938ee0ddf46
[INFO] [stderr]     21:     0x561145573a23 - core::ops::function::FnOnce::call_once::h3ff558aa4c1299d3
[INFO] [stderr]     22:     0x561145572116 - std::sys_common::backtrace::__rust_begin_short_backtrace::hd4a30c4fde9b6690
[INFO] [stderr]     23:     0x5611455739c9 - std::rt::lang_start::{{closure}}::hb15f4c9ee3d16d97
[INFO] [stderr]     24:     0x5611455e3c25 - core::ops::function::impls::<impl core::ops::function::FnOnce<A> for &F>::call_once::hb332f02ff9fc81e2
[INFO] [stderr]                                  at /rustc/e6e4f7ed1589e03bc2f6c5931c1a72e7947e8682/library/core/src/ops/function.rs:284:13
[INFO] [stderr]     25:     0x5611455e3c25 - std::panicking::try::do_call::hed879afea606d968
[INFO] [stderr]                                  at /rustc/e6e4f7ed1589e03bc2f6c5931c1a72e7947e8682/library/std/src/panicking.rs:500:40
[INFO] [stderr]     26:     0x5611455e3c25 - std::panicking::try::h395a878f3e4bd2f0
[INFO] [stderr]                                  at /rustc/e6e4f7ed1589e03bc2f6c5931c1a72e7947e8682/library/std/src/panicking.rs:464:19
[INFO] [stderr]     27:     0x5611455e3c25 - std::panic::catch_unwind::hb44b6ea043448d57
[INFO] [stderr]                                  at /rustc/e6e4f7ed1589e03bc2f6c5931c1a72e7947e8682/library/std/src/panic.rs:142:14
[INFO] [stderr]     28:     0x5611455e3c25 - std::rt::lang_start_internal::{{closure}}::h6184ba9e5b3e5fbf
[INFO] [stderr]                                  at /rustc/e6e4f7ed1589e03bc2f6c5931c1a72e7947e8682/library/std/src/rt.rs:148:48
[INFO] [stderr]     29:     0x5611455e3c25 - std::panicking::try::do_call::h8b2c97d4d3608274
[INFO] [stderr]                                  at /rustc/e6e4f7ed1589e03bc2f6c5931c1a72e7947e8682/library/std/src/panicking.rs:500:40
[INFO] [stderr]     30:     0x5611455e3c25 - std::panicking::try::hfa4cc536e097f1fe
[INFO] [stderr]                                  at /rustc/e6e4f7ed1589e03bc2f6c5931c1a72e7947e8682/library/std/src/panicking.rs:464:19
[INFO] [stderr]     31:     0x5611455e3c25 - std::panic::catch_unwind::ha3e2192625bb4844
[INFO] [stderr]                                  at /rustc/e6e4f7ed1589e03bc2f6c5931c1a72e7947e8682/library/std/src/panic.rs:142:14
[INFO] [stderr]     32:     0x5611455e3c25 - std::rt::lang_start_internal::hbd6687884d030770
[INFO] [stderr]                                  at /rustc/e6e4f7ed1589e03bc2f6c5931c1a72e7947e8682/library/std/src/rt.rs:148:20
[INFO] [stderr]     33:     0x5611455739a7 - std::rt::lang_start::haaea97915f01312f
[INFO] [stderr]     34:     0x5611455709b5 - main
[INFO] [stderr]     35:     0x7fdb0cd97d90 - <unknown>
[INFO] [stderr]     36:     0x7fdb0cd97e40 - __libc_start_main
[INFO] [stderr]     37:     0x56114556e135 - _start
[INFO] [stderr]     38:                0x0 - <unknown>
[INFO] running `Command { std: "docker" "inspect" "3972f7aea51f142ccc9d4c8401984ea8afb755a269166806a4278df797e90c00", kill_on_drop: false }`
[INFO] running `Command { std: "docker" "rm" "-f" "3972f7aea51f142ccc9d4c8401984ea8afb755a269166806a4278df797e90c00", kill_on_drop: false }`
[INFO] [stdout] 3972f7aea51f142ccc9d4c8401984ea8afb755a269166806a4278df797e90c00
